*h + 115*h**2 - 2 + 72*h**2. Calculate c(-1).
-5
Let d = 352 - 351. Let b(a) = -a - 1. Let n(p) = -3*p + 25. Let v be n(8). Let h(j) = -20*j - 6. Let s(t) = v*h(t) - 5*b(t). Determine s(d).
-16
Let q(m) = -48*m + 181. Let h(s) = -50*s + 221. Let p(c) = -6*h(c) + 5*q(c). Calculate p(7).
-1
Suppose -14 = -b - 13. Let p be ((-20)/30 - (-4)/6)/b. Let c(t) = -111 + 110 + p*t + 2*t. Calculate c(-5).
-11
Let f(c) = 5*c + 9. Let k(b) = -4*b - 9. Let p(r) = -5*f(r) - 6*k(r). Let h(m) = -12*m + 976. Let t be h(81). Give p(t).
5
Let n = 111 + -109. Suppose -3*j - 4 = -7*j + 3*c, -n*j = c - 12. Let p(x) = x + 5. Give p(j).
9
Let a be 4 - (1 + (9 - 0)). Let g be ((-8)/a)/((-4)/(-6)). Suppose -g = -3*d + 10. Let h(b) = b - 8. What is h(d)?
-4
Let s(g) = g + 22. Let h(j) = -138*j - 699. Let n be h(-5). Calculate s(n).
13
Let y = -508 - -510. Let r(d) = 10*d**2 + 4*d - 3*d - 8*d**y - 4. Let j(t) = t**2 - 5*t + 1. Let x be j(4). Calculate r(x).
11
Let f(r) = 2*r + 104. Let m be f(-44). Let d(u) = 7*u - 116. Determine d(m).
-4
Let j(n) = -2*n - 2. Let m(g) = -28*g - 108. Let y(k) = -13*k - 54. Let o(f) = 3*m(f) - 7*y(f). Let z be o(-7). Calculate j(z).
-12
Let j = -195 + 199. Let t(m) = -17*m + 32*m - 1 - 21*m + m**2 - j. Give t(6).
-5
Let a(j) = 29*j + 190. Let x be a(-6). Let d(l) = 2*l - l + 5 - 1 + 0*l - x. Determine d(-9).
-21
Let c(i) = 15*i - 642. Let g(l) = 3*l - 215. Let f(w) = 2*c(w) - 7*g(w). What is f(-24)?
5
Let x(w) be the first derivative of 4*w**2 - 39*w - 1193. Calculate x(12).
57
Let i(z) = z**2 - z - 2. Suppose 0 = -v - 3*n + n + 12, 2*v + 21 = 5*n. Let f be i(v). Let s(c) = -652 + 676 + 841*c - 840*c. Give s(f).
24
Let b = -43 - -55. Let z be (b/(-18))/((-2)/12). Suppose -14*q + 198 = z*q. Let u(s) = s**3 - 11*s**2 - s + 13. What is u(q)?
2
Suppose 0 = 5*l - u - 4 - 3, 3*l - 3*u + 3 = 0. Suppose 7*c = 3*c, l*j - 10 = 5*c. Let o(g) = -g**3 + 7*g - 5*g**2 - g + j*g - 14*g. Determine o(-2).
-6
Let q = 6617 - 6615. Let n(w) be the first derivative of -5/2*w**q + 7*w + 8. Give n(5).
-18
Let v = 1029 + -1032. Let j(k) = k**2 - 12*k + 7. Let y(f) = 4*f - 10. Let m(s) = -s + 3. Let h(c) = 7*m(c) + 2*y(c). Let n(x) = v*h(x) - j(x). Calculate n(9).
-10
Let k(s) = -s**2 - 2*s + s + 3 + 3*s. Suppose 38 = -4*i + 10*n, -226*i = -222*i - 3*n + 17. What is k(i)?
-5
Let s be -4 + 0 - (3 + -1). Let c(p) = p + 19. Let l(o) = 6*o + 95. Let n(w) = 5*c(w) - l(w). What is n(s)?
6
Let y(b) = b**3 - 5*b**2 - 9*b + 3. Let s(o) = o**3 + 4*o**2 - 10*o + 9. Let r be s(-6). Let u be (-12)/10*(-7 + (-6)/r). Calculate y(u).
-15
Let u be 125/35 + 3/7. Suppose 2*w = u*n - 4, -2*n - n = -4*w - 13. Let b(o) = 4*o**2 - o. Determine b(n).
5
Let q(g) = g + 2. Let a(d) = 12*d**2 + 4*d - 17. Let n be a(2). Let x = n + -43. Determine q(x).
-2
Let m(a) = 18*a + 179. Let u be m(-10). Let w(y) = y**2 - 2*y - 2. Let h be w(-2). Let q(d) = -54*d + 25*d + 0*d**2 - h*d**3 + 28*d - d**2. Give q(u).
6
Let l = -763 - -1385. Suppose -k = k - l. Let y(f) = 616 + f - k - 309. What is y(4)?
0
Let z(o) = -85 + 35 - 18*o - 8*o + 2*o**2 + 39 + 36. Determine z(12).
1
Let u = 24300 - 24252. Let y(p) = p**2 - 38*p - 469. Determine y(u).
11
Let k(q) = -2*q**2 + 34*q + 13. Let d be k(9). Let v(y) = -155*y - 12 + 310*y - d*y. Give v(-8).
4
Let t(d) = 2*d**2 + 2*d + 49. Let f(k) = -k**3 + 4*k**2 - 267*k + 1360. Let q be f(5). What is t(q)?
49
Let h(l) = -12*l - 49. Suppose 3*b - 5*z = -39, -39*b - 5*z = -40*b - 33. What is h(b)?
-13
Let z(r) = -5*r - 1. Let t(m) be the first derivative of 6*m**2 + 2*m + 21. Let f(c) = -6*t(c) - 14*z(c). Give f(-2).
6
Let h be (-93)/(-155) + 62/5. Suppose -h*n + 15*n = 0. Suppose n = -2*x - 2*x - 2*o + 8, 2*x - 10 = 2*o. Let d(u) = -u + 2. Calculate d(x).
-1
Let u(y) be the third derivative of y**6/720 - y**5/60 - 149*y**4/24 - 5*y**2 + 4*y. Let a(i) be the second derivative of u(i). Calculate a(-3).
-5
Let b(n) = n - 3. Suppose -95 = -3*z + 4*c, -6*z - 5*c = -2*z - 106. Suppose 27*g - z*g + 14 = 0. Calculate b(g).
4
Suppose 5*k + 15 = 4*d - 18, 23 = 4*d - 3*k. Let z(h) = -2 + h**3 + 1 - 9 + 8 - 6*h - d - 4*h**2. Let q = -5 + 10. What is z(q)?
-9
Let v(d) = -90788 + 90789 - 6*d**2 + 4*d**2 - 6*d. Determine v(-4).
-7
Let j(m) be the second derivative of m**3 - 2*m**2 - m. Suppose x = o + 27, 16*x - 58 = 14*x + 4*o. Suppose -5 - x = 10*t. Determine j(t).
-22
Suppose -r = 8*t - 5*t - 50, -r - 5*t = -50. Let w = 2 + 0. Suppose -w*d = -7*d + r. Let n(z) = -z**2 + 10*z - 6. Calculate n(d).
-6
Let o(n) = -n**2 + n + 1. Let s(t) = -t**3 + 5*t**2 + t + 10. Let b(g) = -3*o(g) + s(g). Let d = -571 + 579. Determine b(d).
-9
Suppose t - 5 = -2*r - 3, 0 = -5*r + 5*t + 35. Let h(k) = -k + 1. Let f(b) = -7*b + 10. Suppose -12 = -3*v + 5*v. Let n(g) = v*h(g) + f(g). Determine n(r).
1
Suppose n - 7 = 4*v - 1, 5*v = 5. Let a(d) = n*d - 107 - 106 - 4*d**2 + 2*d**2 + 215. Calculate a(6).
-10
Let b = 3913 + -3915. Let f(r) = -r**3 - 2*r**2 + 2*r - 4. What is f(b)?
-8
Let p(q) = 3*q + 1. Suppose -4*f - 5*g - 25 = 0, -f + 5 = -2*g - 5. Suppose -6*w + 7*w + 5*t = -2, 2*w - t - 7 = f. What is p(w)?
10
Let r be 430/(-8) - (-1)/(-4). Suppose 0*u = 3*u - 156. Let n = u + r. Let o(k) = -8*k - 3. Determine o(n).
13
Let t(m) = 8*m - 28. Let l be t(6). Suppose 258*z = 254*z - l. Let d(b) = -3*b - 8. What is d(z)?
7
Let w(c) = 92 - 3 - 2069*c + 2039*c. Give w(3).
-1
Let c(s) = -870*s + 443*s + 469*s + 413. Give c(-10).
-7
Let s(q) = -20*q - 22. Let g be s(-7). Let i(z) = -57 - 63 + z + g. Calculate i(0).
-2
Let p(z) be the first derivative of 8*z**3/3 + z**2/2 - z - 4. Let m be (-12)/(-8)*1/(3/46). Let u = m + -22. Give p(u).
8
Let s(y) = y + 37*y**3 - 7518 - 2*y**2 + 15037 - 7518. Give s(1).
37
Let t(i) = -45*i**2 - 91*i - 1. Let b be t(-2). Let a(c) = 10*c**3 + 1. Determine a(b).
11
Let r(k) be the first derivative of 3*k**2/2 + 34*k + 1357. Calculate r(-9).
7
Let o(z) = 23*z - 88. Let h(w) = -763*w - 6100. Let v be h(-8). What is o(v)?
4
Let r(j) = 3*j - 18. Let p be -15 + 1088/72 + (-46)/9. Calculate r(p).
-33
Let l(i) = 12*i - 51. Suppose -190*u = -161*u - 116. Determine l(u).
-3
Suppose 11*f + 15 = 16*f. Let i(u) = -16 - u**2 + f*u + 0*u + 15. Calculate i(3).
-1
Let r = -38 + 33. Let t(f) be the second derivative of -f**4/12 - 7*f**3/6 - 17*f**2/2 + f + 187. Calculate t(r).
-7
Let z = 33 + -30. Let y(b) = -6*b**2 - 16*b + 15. Suppose -2*c - 24 = -2. Let t(u) = u**2 + 3*u - 3. Let i(o) = c*t(o) - 2*y(o). Calculate i(z).
9
Let m(t) = -t**3 - 49*t**2 - 94*t + 5. Let f be m(-47). Let b(n) = n**2 - 4*n - 14. Give b(f).
-9
Let w be (4/(-12))/((5/510)/(-1)). Suppose 4*t = 5*t - 1. Let h(q) = t - q**2 - 33*q + 0*q**2 + w*q. Give h(-1).
-1
Let i(r) = -r - 13. Suppose -24*c = -12*c - 10512. Let a = c + -887. Determine i(a).
-2
Let u(h) = 7*h**3 - 5*h**2 - 18*h + 65. Let w(p) = -20*p**3 + 16*p**2 + 51*p - 184. Let v(a) = -17*u(a) - 6*w(a). Give v(11).
-1
Let h(i) = i**3 - 7*i**2 - 5*i - 20. Let o be h(9). Suppose -n - o = -101. Let x(f) = -1 + 11*f + n + f**2 + f**2 - 6*f. Give x(-4).
15
Let k(g) be the second derivative of -1/5*g**5 - 1 + 0*g**2 - 1/6*g**3 - 1/12*g**4 - 3*g. Let v = -13 - -12. Determine k(v).
4
Let l(z) = 2*z + 3. Let p(o) = 54*o - 388. Let q be p(0). Let i = -379 - q. Calculate l(i).
21
Let d(z) be the first derivative of 2*z**2 - 3*z - 1. Suppose -60*l - 394*l = -699*l - 799*l - 7308. Give d(l).
-31
Let g(s) = -s**2 + 19*s + 12. Let w(i) = -i**2 + 19*i + 8. Let d(a) = 3*g(a) - 4*w(a). Calculate d(19).
4
Suppose -3 = m + 3*q, 169*m + 4*q + 4 = 171*m. Let u(c) = 3*c - 71. Calculate u(m).
-71
Let c(j) be the second derivative of -2*j**3/3 - 89*j**2/2 + 1060*j. Calculate c(-23).
3
Let v(a) be the first derivative of -a + 1/2*a**2 - 59. Calculate v(-3).
-4
Let m(w) = 397*w + 6*w**2 + 28 - 370*w + 0*w**2 - 3*w**2. Let c(q) = -4*q**2 - 40*q - 41. Suppose -7 = -k - 0*k. Let r(t) = k*m(t) + 5*c(t). Calculate r(11).
-9
Suppose 3 = h + 4. Let w(c) = -c**2 - 3*c - 116. Let p(k) = -k**2 - k - 29. Let v(f) = -4*p(f) + w(f). Determine v(h).
2
Let l(p) = -p**3 - 41*p**2 - 35*p + 210. Let z be l(-40). Let m = -32 - -45. Let o(k) = -m*k**2 + 2*k**3 - k**3 + z*k**2 - 5 - 2*k. Determine o(4).
3
Let d(c) = 2*c - 399979*c**2 - 4*c + 399956*c**2 - 2. Give d(-1).
-23
Let y(s) be the third derivative of -5*s**4/